 -z**3 + 3*z**2 - z - 1. Let s be n(3). Let k be (6/s)/((-3)/4). Let y be k/6 + 60/9. What is the highest common divisor of 14 and y?
7
Let o(y) = 2*y**2 - 7*y - 6. Let n be o(6). Let l = 14 + 21. Let p = l - n. Calculate the greatest common divisor of 55 and p.
11
Let t(b) = 10*b - 4. Let j be t(-3). Suppose 75 = -2*m + 31. Let k = m - j. Calculate the greatest common factor of 3 and k.
3
Let m be 2 + -3 + 3 + 3. What is the greatest common factor of 20 and m?
5
Let l = -66 + 67. Calculate the greatest common factor of 8 and l.
1
Suppose -124 - 86 = -5*f. What is the greatest common factor of 28 and f?
14
Let y(k) = 9*k**2 + k. Let v be y(-1). What is the greatest common divisor of 20 and v?
4
Let x = -28 + 48. Let f = -3 - -5. What is the greatest common divisor of x and f?
2
Let z be (-368)/(-26) - 38/247. Calculate the greatest common divisor of z and 98.
14
Suppose 5*z + s + 0*s = 82, 3*z = 5*s + 38. Suppose -5*c + 152 = -8. Calculate the highest common factor of z and c.
16
Suppose -23*a + 391 = -805. Calculate the highest common divisor of 78 and a.
26
Suppose -34 = 4*f - i, -5*i - 5 - 32 = 3*f. Let n be f*1*(-2 + 1). What is the highest common divisor of 63 and n?
9
Suppose 0 = -0*d + 5*d - 5. Let f = 9 + -6. Suppose 0 = 5*l + 5*k, -6*k - 40 = -5*l - f*k. What is the highest common factor of l and d?
1
Let z(w) = 6*w**3 - 2*w**2 - 3*w + 4. Let q be z(1). What is the greatest common divisor of q and 60?
5
Let y(r) = 9*r**2 - 2*r + 18. Let f be y(-4). Calculate the greatest common factor of 34 and f.
34
Let o(a) = 12*a + 4. Suppose 4*s - 2*s = 4*y + 10, -4*s + 13 = -y. Let p be o(s). Let m be (3/2)/(6/p). What is the highest common factor of 70 and m?
10
Let w = -16 - -66. What is the greatest common divisor of w and 5?
5
Suppose v + 10 = 33. What is the highest common factor of 69 and v?
23
Let i = -28 - -30. Suppose 3*r + 4*j = i*r + 24, -21 = r - 5*j. Let h = 7 + -3. Calculate the highest common divisor of h and r.
4
Let k(g) = g**3 + 11*g**2 + 6*g - 9. Let q be k(-8). Calculate the highest common divisor of 27 and q.
27
Let h = 32 + -47. Let o = h + 17. What is the highest common factor of 4 and o?
2
Suppose 4*l - 353 + 13 = 0. Let t = 2 + -2. Let h be ((-1 - -18) + t)/1. What is the highest common divisor of l and h?
17
Suppose -3*l + 4*x + 42 = 0, 5*x - 6*x = 4*l - 37. Calculate the greatest common factor of 2 and l.
2
Suppose 3*i + 4*a = -61, 2*i - 102 = 6*i - 5*a. Suppose 0 = -l + 4*l + 96. Let o = i - l. What is the greatest common factor of 3 and o?
3
Let a be 15/(-80)*4 - 102/(-8). Calculate the highest common factor of 30 and a.
6
Suppose -2*r - 5*f + 161 = 0, -5*r = 7*f - 4*f - 431. Calculate the greatest common factor of r and 11.
11
Suppose 6*q = 4*q + 32. Suppose -4*j = 3*x - 295 - 232, -4*x + 404 = 3*j. Calculate the highest common divisor of j and q.
16
Let s be -1*(-4 + 83 + 1). Let j = 172 + s. Calculate the greatest common factor of j and 23.
23
Let v be 2/(-5) - (-2036)/(-10). Let g be v/(-54) + (-2)/(-9). Suppose -6 = g*b - 30. Calculate the greatest common divisor of 6 and b.
6
Let q(w) = -w**3 - 8*w**2 + 7*w - 11. Let f be q(-9). Let b be (-64)/(-6)*21/f. Let m be 5 + -3 - (-1 - 5). What is the greatest common divisor of m and b?
8
Let y = -1 - -7. Calculate the greatest common divisor of 4 and y.
2
Let f be (-2)/(-3) - (-11368)/84. Calculate the greatest common divisor of f and 17.
17
Let a(k) = -11 - 13 + k + 13. Let b be a(13). What is the greatest common factor of b and 14?
2
Let h(c) = c**3 - 5*c**2 + 6*c + 3. Let z be h(3). What is the highest common divisor of z and 3?
3
Suppose -7*w - 18 = -10*w. Let l(o) = -13*o**2 - 2*o. Let s be l(-2). Let q = s - -114. Calculate the greatest common divisor of w and q.
6
Suppose 4*f = -19*f + 92. Calculate the highest common factor of 68 and f.
4
Let g(a) = -2*a**2 - 8*a + 6. Let c be g(-6). Let t = 30 + c. Suppose y + 2*y = 144. What is the greatest common divisor of y and t?
12
Let n be (-44)/(-16)*-1*-12. What is the greatest common divisor of n and 165?
33
Suppose 163 + 62 = d. Suppose 8*c - d = 3*c. What is the highest common divisor of 15 and c?
15
Let g(r) = r - 4. Let s be g(6). Let f = 30 + -25. Suppose u - f = 0, -t + 3*u + 9 = s*t. Calculate the highest common factor of t and 88.
8
Let x = -12 - 4. Let d = x - -30. Calculate the highest common divisor of 7 and d.
7
Let h = 143 + -93. Suppose -2*f + f + 16 = 2*b, 0 = -3*f + 5*b + 15. Calculate the highest common divisor of h and f.
10
Suppose 2*g - 6 = 6. Suppose -4*m = -50 - 46. Calculate the highest common divisor of m and g.
6
Let u(n) = -n**3 - 9*n**2 - 18*n + 4. Let m(h) = -3*h**2 - h + 2. Let t be m(-2). Let r be u(t). What is the highest common divisor of 56 and r?
28
Suppose 2*x + 4*m = 20, 0*x = 4*x - 2*m + 10. Suppose x = -5*a - 2*h - h + 300, -3*a - 4*h + 180 = 0. What is the highest common divisor of a and 40?
20
Let i be ((-4)/6)/(1/24). Let z be i/(-3) - 6/(-9). What is the greatest common factor of 12 and z?
6
Let f(n) = 25*n**2 + n - 2. Let x be f(3). Suppose 4*z + 11 = -9, 0 = 3*w - 2*z - x. Let q = -21 + 30. What is the greatest common factor of q and w?
9
Let c = -41 + 181. Calculate the greatest common factor of c and 56.
28
Suppose -230 = -5*i - 4*v, -2*i + 0*v = 5*v - 75. Calculate the greatest common divisor of i and 25.
25
Let t(z) = -2*z - 4. Let y be t(-5). Suppose 0 = -5*p - 3*f + 61, -5*p + 5*f = -4*p - 29. Let x = p + 34. What is the highest common factor of y and x?
6
Let r = -78 + 150. Calculate the highest common divisor of 24 and r.
24
Let k(c) = -c**3 - 5*c**2 - 4*c - 16. Let u be k(-5). Calculate the greatest common divisor of u and 32.
4
Suppose 90 = 3*w + 3*w. Calculate the greatest common factor of w and 20.
5
Let m be 26/3 + (-8)/12. Suppose 4*g = 3*g + 1. What is the greatest common divisor of m and g?
1
Suppose 2*q = 6*q + 5*i - 56, 5*i - 65 = -5*q. Let u be 1 - (-3 - -1)*-1. Let n be (-2 + u)*1/(-3). Calculate the greatest common factor of q and n.
1
Suppose 0 = 3*v - 4*q - 81, v - q = -6*q + 27. Calculate the highest common divisor of 3 and v.
3
Suppose z + z = 32. Suppose -6*p + 3*p = 0. Let i(m) = -m + 40. Let l be i(p). What is the highest common factor of z and l?
8
Let y be (0 - -13) + (-1)/1. Let r(u) = 2*u + 4 + 4 - 6. Let g be r(11). What is the greatest common factor of g and y?
12
Let i(j) = -2*j**3 - j**2 + j. Let l be i(1). Let v be 6/l - (-27 - -2). What is the highest common factor of v and 11?
11
Let r(p) be the first derivative of 2*p**3/3 + 4*p**2 + 6*p + 1. Let x be r(-5). What is the greatest common factor of x and 2?
2
Let h be 0 + 0 - (-6 - -1). What is the highest common divisor of h and 25?
5
Suppose o - 10 = -0*o. Let r(u) = u**3 - 10*u**2 - u + 12. Let k be r(o). Suppose 4*l - 3*l - 10 = 0. What is the greatest common factor of l and k?
2
Let j(d) = -24*d + 8. Let t be j(-5). Calculate the highest common divisor of t and 16.
16
Let u = -5 - -13. Calculate the greatest common divisor of u and 8.
8
Let d = 8 + -6. Suppose d*j - 4*v + 42 = 7*j, -j + 12 = 2*v. Let p be (j/(-4))/(2/(-4)). What is the highest common factor of p and 33?
3
Let h = -5 + 17. Suppose -3*i + 165 + 123 = 0. Calculate the highest common divisor of i and h.
12
Let o = 20 - 32. Let l be 4 - (1 + 1) - o. What is the greatest common factor of 35 and l?
7
Suppose -z - 3*z = -56. Let v = -2 - -2. Suppose -3*k = -h + 27, h + k + 2*k - 15 = v. Calculate the highest common divisor of h and z.
7
Let w(u) = -u**2 + 11*u + 5. Let c be w(8). Let g = -21 + c. What is the highest common divisor of g and 20?
4
Suppose 5*d = -214 + 49. Let x be d*1*(-42)/9. Let t = 29 - 7. Calculate the highest common factor of x and t.
22
Let j(i) be the third derivative of 0*i + 1/60*i**6 + 0*i**4 + 0 + 0*i**5 - 1/3*i**3 + 3*i**2. Let s be j(2). What is the highest common divisor of 7 and s?
7
Let f = 260 - 146. Let l = f - 70. Calculate the highest common factor of 11 and l.
11
Suppose 102 - 4 = 4*j - 2*d, 3*j - 2*d - 75 = 0. Suppose 151 = m - 2*z, 5*m - 160 - 640 = z. What is the greatest common divisor of j and m?
23
Suppose -3*x + 8 - 2 = 0. What is the highest common divisor of x and 8?
2
Suppose 21 = 3*z - 0*z. What is the greatest common divisor of z and 21?
7
Suppose 13 - 5 = 4*m. What is th